of 799536535?
5
What is the thousands digit of 123905088?
5
What is the hundred thousands digit of 246699715?
6
What is the units digit of 1271247221?
1
What is the ten millions digit of 4271270050?
7
What is the units digit of 73867080?
0
What is the tens digit of 215008885?
8
What is the thousands digit of 44157127?
7
What is the units digit of 6851312773?
3
What is the hundreds digit of 98745044?
0
What is the millions digit of 721376263?
1
What is the hundred thousands digit of 72691801?
6
What is the ten thousands digit of 2173239315?
3
What is the hundred millions digit of 210158115?
2
What is the hundred millions digit of 100256445?
1
What is the millions digit of 53580726?
3
What is the hundreds digit of 4470251?
2
What is the ten millions digit of 559328118?
5
What is the ten thousands digit of 1064626733?
2
What is the hundred thousands digit of 16207908?
2
What is the ten thousands digit of 70662178?
6
What is the hundred thousands digit of 51989980?
9
What is the millions digit of 796504292?
6
What is the thousands digit of 28290587?
0
What is the hundred thousands digit of 557891670?
8
What is the thousands digit of 57910072?
0
What is the hundred thousands digit of 459253086?
2
What is the ten millions digit of 23036686?
2
What is the ten millions digit of 89006261?
8
What is the ten millions digit of 2171022864?
7
What is the units digit of 256324527?
7
What is the hundreds digit of 50783791?
7
What is the hundred thousands digit of 36463418?
4
What is the thousands digit of 200433164?
3
What is the units digit of 517531165?
5
What is the ten thousands digit of 72492050?
9
What is the ten millions digit of 3767740843?
6
What is the thousands digit of 262808738?
8
What is the hundred millions digit of 109552552?
1
What is the hundred thousands digit of 853063883?
0
What is the hundreds digit of 136394102?
1
What is the hundreds digit of 89195519?
5
What is the ten millions digit of 2730706380?
3
What is the hundreds digit of 2053957232?
2
What is the ten millions digit of 32281736?
3
What is the hundred thousands digit of 53387599?
3
What is the tens digit of 774520924?
2
What is the tens digit of 193729743?
4
What is the ten millions digit of 35806110?
3
What is the ten millions digit of 103653971?
0
What is the units digit of 8192447152?
2
What is the hundreds digit of 1552856824?
8
What is the units digit of 1439487877?
7
What is the hundreds digit of 292621191?
1
What is the ten thousands digit of 2606506098?
0
What is the ten millions digit of 3630096662?
3
What is the tens digit of 378471208?
0
What is the thousands digit of 5338738189?
8
What is the tens digit of 5555353163?
6
What is the tens digit of 87363761?
6
What is the ten thousands digit of 145732792?
3
What is the tens digit of 66468108?
0
What is the units digit of 2149246999?
9
What is the units digit of 13171020?
0
What is the millions digit of 49373504?
9
What is the hundred thousands digit of 4115601175?
6
What is the ten thousands digit of 72897982?
9
What is the ten millions digit of 12940832?
1
What is the hundreds digit of 3079330436?
4
What is the ten thousands digit of 90042239?
4
What is the ten thousands digit of 14592806?
9
What is the millions digit of 225841280?
5
What is the ten millions digit of 27369277?
2
What is the ten millions digit of 568462270?
6
What is the millions digit of 186742913?
6
What is the thousands digit of 104739038?
9
What is the ten millions digit of 46916080?
4
What is the ten millions digit of 330983886?
3
What is the units digit of 3813661584?
4
What is the hundred thousands digit of 54497012?
4
What is the ten thousands digit of 2184351448?
5
What is the units digit of 246338312?
2
What is the tens digit of 120117995?
9
What is the tens digit of 3279637?
3
What is the thousands digit of 2860428539?
8
What is the hundred thousands digit of 32260805?
2
What is the hundred thousands digit of 1252924?
2
What is the millions digit of 91946121?
1
What is the billions digit of 2224345053?
2
What is the hundred millions digit of 128855092?
1
What is the thousands digit of 1584847784?
7
What is the units digit of 36142560?
0
What is the hundreds digit of 958785931?
9
What is the tens digit of 664971839?
3
What is the millions digit of 28730251?
8
What is the tens digit of 1308901712?
1
What is the hundreds digit of 37859615?
6
What is the hundreds digit of 144871284?
2
What is the hundreds digit of 95504823?
8
What is the hundred thousands digit of 190307660?
3
What is the ten millions digit of 59651920?
5
What is the billions digit of 1915097607?
1
What is the units digit of 70542064?
4
What is the ten thousands digit of 39943028?
4
What is the ten thousands digit of 2542316586?
1
What is the hundreds digit of 202951354?
3
What is the thousands digit of 23730926?
0
What is the ten thousands digit of 20909154?
0
What is the ten thousands digit of 22134056?
3
What is the ten thousands digit of 337824558?
2
What is the hundreds digit of 5024407?
4
What is the ten thousands digit of 1843777918?
7
What is the thousands digit of 598190680?
0
What is the thousands digit of 33791845?
1
What is the thousands digit of 52202072?
2
What is the hundreds digit of 635338218?
2
What is the millions digit of 4354620797?
4
What is the hundreds digit of 1389563445?
4
What is the thousands digit of 70943564?
3
What is the tens digit of 2453064281?
8
What is the units digit of 101388859?
9
What is the thousands digit of 283030313?
0
What is the tens digit of 1559615170?
7
What is the ten millions digit of 2957476390?
5
What is the thousands digit of 167430913?
0
What is the tens digit of 2701194604?
0
What is the units digit of 28594627?
7
What is the hundred thousands digit of 56182936?
1
What is the ten thousands digit of 7193015632?
1
What is the units digit of 3407479202?
2
What is the thousands digit of 48254566?
4
What is the ten millions digit of 99473315?
9
What is the ten millions digit of 84146560?
8
What is the hundred thousands digit of 329867160?
8
What is the hundred thousands digit of 485313639?
3
What is the millions digit of 58693001?
8
What is the hundred thousands digit of 313377416?
3
What is the millions digit of 117011326?
7
What is the thousands digit of 200244086?
4
What is the ten millions digit of 6828167756?
2
What is the tens digit of 2429699319?
1
What is the units digit of 26882250?
0
What is the hundreds digit of 2065018061?
0
What is the ten thousands digit of 86523644?
2
What is the hundred millions digit of 121212009?
1
What is the ten millions digit of 22307807?
2
What is the ten thousands digit of 62540620?
4
What is the units digit of 96112107?
7
What is the ten thousands digit of 3945832649?
3
What is the thousands digit of 1458500378?
0
What is the ten millions digit of 424644202?
2
What is the tens digit of 78256640?
4
What is the hundred millions digit of 514604602?
5
What is the hundreds digit of 1725935675?
6
What is the tens digit of 90399234?
3
What is the units digit of 3579106278?
8
What is the units digit of 1940104407?
7
What is the hundred thousands digit of 215002325?
0
What is the thousands digit of 99834188?
4
What is the ten thousands digit of 29372414?
7
What is the units digit of 7506333?
3
What is the millions digit of 66209784?
6
What is the hundreds digit of 43760586?
5
What is the hundred thousands digit of 62045757?
0
What is the tens digit of 109874727?
2
What is the tens digit of 65318021?
2
What is the tens digit of 609422426?
2
What is the tens digit of 4180516185?
8
What is the hundreds digit of 35714602?
6
What is the millions digit of 2014011494?
4
What is the thousands digit of 2422238983?
8
What is the thousands digit of 59288431?
8
What is the thousands digit of 328403934?
3
What is the units digit of 2071351935?
5
What is the ten thousands digit of 152904993?
0
What is the hundred millions digit of 1069457329?
0
What is the ten millions digit of 2633919406?
3
What is the units digit of 3039946733?
3
What is the units digit of 2092828706?
6
What is the thousands digit of 710397300?
7
What is the hundred thousands digit of 115210133?
2
What is the hundreds digit of 136933849?
8
What is the ten millions digit of 184288068?
8
What is the thousands digit of 48285219?
5
What is t